emainder when b is divided by 32.
29
Suppose -18*z - 19*z + 1295 = 0. Calculate the remainder when 305 is divided by z.
25
Suppose 0 - 36 = -4*n. Let t(m) = -118*m + 1104. Calculate the remainder when t(9) is divided by n.
6
Suppose 23*p + 1796 - 4050 = 0. What is the remainder when 386 is divided by p?
92
Let q = -18 - -29. Suppose 5*g + 75 = 6*g. Suppose 0 = -5*m + g + 20. What is the remainder when m is divided by q?
8
Suppose 2*l - 5*g - 178 = 0, -29 - 53 = -l - g. What is the remainder when l is divided by ((-290)/(-319))/(4/22)?
4
Suppose 10*s - 42*s + 4174 + 2898 = 0. Calculate the remainder when 1369 is divided by s.
43
Let f be (-90)/36*2254/(-5). Let h = -1106 + f. Suppose -2*m - 177 = -5*m. Calculate the remainder when m is divided by h.
17
Let g(c) = c**2 - c - 3. Let x(t) = -12*t**2 - 8*t - 13. Let a(o) = 6*g(o) - x(o). Calculate the remainder when (-70)/(1 - 2) - 0 is divided by a(1).
10
Let c(w) = 6 - 10 + 2*w - 11 - 22*w. Let p be c(-7). Suppose 27 + p = 4*y. What is the remainder when 151 is divided by y?
37
Let x(d) = -2*d**2 + 14*d + 19. Let y be x(8). Suppose -y*s - 57 = -3*l, -9*s = -5*l - 7*s + 107. What is the remainder when 108 is divided by l?
16
Suppose 2*k - 5*o + 3 = 23, -3*o = -3*k + 39. What is the remainder when (-12)/28 + (-113317)/(-329) is divided by k?
14
Let i be (2/(-4))/((-1)/392). Let h = i - 122. What is the remainder when h is divided by (3/(3/(-2)))/((-2)/15)?
14
Let l(a) = 2*a + 10. Let h be l(-4). Suppose -w = -2*w + h*c + 39, c + 213 = 5*w. What is the remainder when w is divided by 28?
15
Suppose 2*i = -0*i + 6. Suppose i = -o + 87. Suppose 6*v - 4*v = o. Calculate the remainder when 81 is divided by v.
39
Let l(w) = 4*w - 23. Let u be (-4 - -7)*(21/(-9) - -2). Let q(n) = -7*n**3 - n**2 + 2*n + 2. Let k be q(u). Calculate the remainder when 5 is divided by l(k).
0
Suppose -f - 10539 = -11116. What is the remainder when 598 is divided by f?
21
Let l(z) = 13*z - 61. Let v(c) = 2*c - 1. Let t(g) = -l(g) + 4*v(g). What is the remainder when t(0) is divided by 43?
14
Let w = 3047 - 10472. What is the remainder when w/(-20) + 10/(-8) is divided by 63?
55
Let r(c) = -c**3 - 14*c**2 + 10*c + 15. Suppose 35*s + 2367 = 44*s. Calculate the remainder when s is divided by r(-15).
83
Suppose 4 - 7 = -q. Suppose -7*o = -2*o. Suppose -5*b + 33 = 2*h, h - 3*b = -o*h + 11. Calculate the remainder when h is divided by q.
2
Let r(s) = 2*s**2 - 9*s - 1. Let m be r(5). Suppose -m*p + 766 = -38. Suppose -p = -9*i + 51. What is the remainder when 54 is divided by i?
26
Let g = 6615 - 6047. What is the remainder when g is divided by 10?
8
Let v = -37 + 13. Let f = v + 15. Let d(j) = -j**2 - 12*j - 14. What is the remainder when 50 is divided by d(f)?
11
Suppose 0 = 83*l - 4286 - 30. What is the remainder when l is divided by 26?
0
Let i = -91 - -94. Suppose -i*f + 3 = 0, -10*p + 15*p - 3*f = 127. What is the remainder when p is divided by 14?
12
Let h = 37 + -35. Suppose -f + 49 = 4*l, -19 = -l - h*f + 2. Let b = 14 - l. Calculate the remainder when 8 is divided by b.
2
Let l be -1*12/(-9)*(-6)/2. Let j = 350 - 122. Calculate the remainder when j is divided by (414/(-81))/(l/36).
44
Suppose -h = 6*h + 56. What is the remainder when 162 is divided by ((147/(-4))/(-7))/((-2)/h)?
15
Let d(p) = 14*p + 863. What is the remainder when d(-38) is divided by 166?
165
Suppose 20*m = 85 - 25. Suppose m*k + 21 = 72. Calculate the remainder when 132 is divided by k.
13
Let c be 2*4*(-3 - 7/(-2)). Calculate the remainder when 65 is divided by 30/24 + -1 - (-79)/c.
5
Let s = 1533 - 1445. Calculate the remainder when 96 is divided by s.
8
Let i(x) = -x**3 - x**2 - x - 5. Let b be i(-6). Suppose -5*h = -b + 61. Let g = -60200 - -60247. Calculate the remainder when g is divided by h.
23
Let n(b) = b + 1. Let d be n(-1). Suppose -2*v + 9 + 57 = d. What is the remainder when (-5918)/(-363)*6 + (12/(-22))/(-3) is divided by v?
32
Suppose 10 = 2*l, 0 = 7*j - 8*j + 3*l + 727. Let x = 753 - j. What is the remainder when 450 is divided by x?
10
Suppose -2*b + 148 = 3*d, 3*b - 3*d - 235 = -d. Let z = -241 + 274. Suppose -3*s + 3*k = -s - z, -3*s + b = k. Calculate the remainder when s is divided by 9.
6
Suppose 4*t + 5*x - 59 = 0, 4*t + 12*x - 89 = 13*x. Let k(j) = -j**2 + 20*j + 33. Calculate the remainder when 58 is divided by k(t).
10
Suppose -3*l - 34 = -2*q, -11*l + 119 = 7*q - 8*l. What is the remainder when 129 is divided by q?
10
Let s be ((-75)/12)/(3*4/(-288)). Suppose -12*n - s = -14*n. Calculate the remainder when n is divided by 16.
11
Let w(j) = j**3 + 18*j**2 - 5*j - 60. Suppose 0 = 5*f + 5, -7*f + 6*f = -4*v - 71. What is the remainder when 65 is divided by w(v)?
5
Let m = -12 + 160. Let t = 159 - m. What is the remainder when t is divided by 7?
4
Let c(p) = 9*p + 0*p + 10*p + 9*p - 20 + 10*p. Calculate the remainder when 292 is divided by c(3).
10
Let b(c) = -48*c + 743. Calculate the remainder when ((-43)/(-1))/(2/4) is divided by b(15).
17
Let w = 707 + -659. Suppose 2*m + 2*m - 100 = 0. What is the remainder when w is divided by m?
23
Let h(d) = -5*d - 30. Let q be h(-3). Calculate the remainder when 88 is divided by ((-5445)/22)/q + (-1)/(-2).
3
Let z(n) be the first derivative of n**4/4 - 2*n**3 - 5*n**2 + 23*n + 25. Calculate the remainder when 7 is divided by z(7).
1
Suppose -3*a - 4 = -4*a. Let d = 367 - 153. Let c = d + -196. Calculate the remainder when c is divided by a.
2
Let s = -18 + 19. Suppose k = 2*r + 16 - s, 5*r = 3*k - 44. Suppose 5*d = 4*c + 172, 4*c - 3*c = d - 34. What is the remainder when d is divided by k?
10
Suppose -2*c - c + 535 = q, 5*c - 865 = 5*q. Let b = 398 - c. Calculate the remainder when b is divided by (-254)/(-8) - 3*(-4)/48.
29
Suppose 266 = 4*h + c - 749, 5*h = -4*c + 1255. What is the remainder when h is divided by 81?
12
Suppose 12 + 3 = 3*u. Suppose u*v - 4 = 1. Suppose -5459*q = -5472*q + 13. Calculate the remainder when v is divided by q.
0
Let l(w) = -w**2 + 8*w - 8. Let n be l(7). What is the remainder when (4/6)/(n/(-96)) is divided by (-2254)/(-69) + (-7 - 176/(-24))?
31
Let j(d) = -d**3 + 22*d**2 + 90*d - 1231. What is the remainder when j(22) is divided by 110?
89
Let s = -384 + 629. Let t = s + -223. Calculate the remainder when 126 is divided by t.
16
Let j(k) = k**3 + k**2 - 11*k + 3. Let n = -10 - -30. Calculate the remainder when j(4) is divided by n.
19
Suppose -1055*m = -1045*m - 250. Calculate the remainder when 1066 is divided by m.
16
Suppose -561*j + 5040 = -417*j. Let z = 53 - -14. Calculate the remainder when z is divided by j.
32
Let f be 2 + -52*(-8)/16. Suppose f*m = 31*m - 627. What is the remainder when m is divided by 72?
65
Let f(u) = 193*u**2 - 894*u + 13. Calculate the remainder when f(5) is divided by 19.
7
Let x be 2/3*(-3 + 6). Suppose 2*b = h + 7, b - 5*h + 31 = x*b. Calculate the remainder when 137 is divided by 3*2/b + 34.
32
What is the remainder when (16/4)/2 - (-31714)/202 is divided by 25?
9
Let u = 12933 - 12777. What is the remainder when u is divided by 109?
47
Let n(f) = f**2 - 3*f - 141. Let d be n(12). What is the remainder when 381 is divided by (-6838)/(-143) + (-6)/d?
45
Let t be 55*(-32)/(-176) + -5. Let n(k) = -3*k**2 + 2 + 3*k - 18 - 2*k + k**3. What is the remainder when n(t) is divided by 9?
3
Let k(m) = -5*m - 25. Let a be ((-4)/12*3)/(2/18). Calculate the remainder when 318 is divided by k(a).
18
Let q = 6 - 5. Suppose 2*y - 173*c - 28 = -178*c, 3*y + 2*c = 75. What is the remainder when y is divided by -16*(q + (-9)/6)?
5
Let g(p) be the first derivative of p**2 - 21*p + 90. What is the remainder when g(35) is divided by 4?
1
Let g(a) = 7*a**2 - 73*a + 269. What is the remainder when g(4) is divided by 7?
5
Suppose -5*i - o = -10, 7*o = 4*o. Calculate the remainder when 214 is divided by (12/36)/((-2)/(-93))*i.
28
Calculate the remainder when (36 - (-218464)/384) + 1/12 is divided by 300.
5
Let m = -17624 + 17640. Let o(j) = -j + 54. Let k be o(0). Let c = 85 - k. Calculate the remainder when c is divided by m.
15
Suppose 109*h - 3*w - 2454 = 106*h, 3*h = -2*w + 2469. What is the remainder when h is divided by 315?
191
Let t(p) = -10*p - 245. Let k be t(-25). Let i = 1 - -17. What is the remainder when 2/k - (2118/10)/(-3) is d